e l*t + 4*r = 32, -14 - 35 = -5*t + 4*r. What is the units digit of t?
9
Let m = 14 + -8. Let p(s) = 6 + 3*s + 1 - m*s. What is the units digit of p(-5)?
2
Suppose 5*n = -6 + 16. Suppose -4*i + 24 = -n*i. What is the tens digit of i?
1
Let t = -117 - -242. What is the units digit of t?
5
Suppose 0 = 2*v + 3*v. Let c(a) = a - 4. Let p be c(6). Let i = p + v. What is the units digit of i?
2
What is the tens digit of (56/(-10))/((-8)/40)?
2
Suppose x = 3*s - 34, s + 3*x = -2*x - 10. Suppose 2*p = 4*a - s, 2*a + 13 = 4*p - 9*p. Let b(c) = -c**3 - 3*c**2 - 4*c - 4. What is the units digit of b(p)?
8
Suppose -108*j = -103*j - 805. What is the units digit of j?
1
Suppose 4*o = 4*d - 16, -3*d + o + 17 = 3*o. Suppose -d*z + 5*l + 7 = 2, 4*z = 3*l + 2. What is the units digit of (1 + 1 + z)*8?
8
Let c be 3 + (-7 - 2)/(-1). Let i(j) = j**3 - 3*j**2 - 3*j - 3. Let k be i(5). Suppose 4*o - k = c. What is the units digit of o?
1
Let b(r) = 3*r + 4. Let o be b(-6). Let f = -2 - o. What is the tens digit of f?
1
Let m be (4 + 17)*4/6. Suppose -3*v + y = 2*y - 55, v - 4*y = m. What is the units digit of v?
8
Suppose -2*c + 6 = 5*f, -4*c - 2*f + 6*f + 40 = 0. What is the units digit of c?
8
Suppose -p + 1 = -j, -1 = -9*j + 4*j + 3*p. Suppose -5*h - 20 = 0, -j*h - 10 - 2 = 4*d. What is the units digit of (-1 + d)*(-1)/2?
1
Suppose -11*a - 426 = -13*a. What is the tens digit of a?
1
Suppose -10 = -7*y + 2*y. Suppose y*h = 2*s - 16, 2*h - h + 44 = 5*s. What is the units digit of s?
9
Let o = 670 + -470. What is the units digit of o?
0
Let j be 0 + -4*2/(-4). Suppose 3*g + 4*a - 31 = j*g, 0 = -5*g - a + 60. What is the tens digit of g?
1
Let w = 23 + -18. Suppose 15 = c - 3*y, -w*y - 16 = 5*c - 171. What is the tens digit of c?
2
Suppose -z - 5*a = 6 - 25, -4*a = -2*z - 18. What is the units digit of (-7)/(0 - (z - -2))?
7
Let d = 49 - 33. Let u = d - 8. Suppose -5*z - 45 = -u*z. What is the units digit of z?
5
What is the units digit of (-6)/(-9)*150/4?
5
Suppose -4*i + 3*i + 3 = 0. Suppose 20 + 21 = 4*b - i*u, 3*b + 2*u - 52 = 0. Suppose 3*j = -s + 36, -4*s + 4 = -2*j + b. What is the units digit of j?
1
Let m(x) be the first derivative of x**3/3 + x**2/2 + 10*x + 1. Let b be m(0). What is the units digit of 145/b - 1/(-2)?
5
Let h be (-19)/(-3)*(-11 + 14). Let p = 36 - h. What is the units digit of p?
7
Let h = 7 - 4. Suppose 43 = -0*u + 2*u - h*s, 4*u - 46 = -2*s. Let x = 25 - u. What is the units digit of x?
1
What is the units digit of -268*(12/16)/(-3)?
7
What is the tens digit of (59/3 - 4)*3?
4
Let a = -3 - -55. Let w be (-2)/7 + a/(-14). Let z = w - -6. What is the units digit of z?
2
Suppose -4 + 12 = 2*c + k, 3*k = -c + 14. Let l be (-2 - -1)*c - -5. Suppose n - 6*n - l*p + 76 = 0, -78 = -5*n - 4*p. What is the tens digit of n?
1
Let k(u) = -u**2 + u + 5. Let a be k(0). What is the units digit of (6 + 1)*a/5?
7
Let y(w) = w**2 - w - 1. Let s be y(-1). What is the tens digit of (-1 - -1) + (12 - s)?
1
Let i(l) = 13*l + 7. What is the units digit of i(7)?
8
Let c = 95 + -20. What is the units digit of c?
5
Suppose 3*f = 4*m - 79, -5*f + 4*m = -0*f + 137. Let k = f - -59. What is the tens digit of k?
3
Let q = 18 + -3. What is the units digit of (5/q)/(2/114)?
9
Let p(k) = 9*k - 1. What is the tens digit of p(3)?
2
Let q = -42 - -239. What is the units digit of q?
7
Suppose 5*j = -w - 275 - 163, 5*w + 78 = -j. Let l be 1/3 + j/(-6). Let b = l + -8. What is the units digit of b?
7
Let p(z) = -5*z**3 - 11*z**2 + 8*z + 93. Let a(c) = -2*c**3 - 4*c**2 + 3*c + 31. Let t(q) = -8*a(q) + 3*p(q). What is the tens digit of t(0)?
3
What is the tens digit of 15/(-25) - 198/(-5)?
3
Let i(m) be the first derivative of m**2/2 + 25*m - 2. What is the units digit of i(0)?
5
Suppose 0 = -2*v - 3*v + 2*t - 35, -30 = 5*v - 3*t. Let q = v + -3. Let k = q - -17. What is the units digit of k?
5
What is the hundreds digit of (-951)/(-7) - 17/(-119)?
1
Let d = -537 - -774. What is the hundreds digit of d?
2
Suppose -2*x - 7 + 44 = -t, -5*x = 3*t - 120. Suppose 4*u = u + x. What is the units digit of u + -2*(-1 - 0)?
9
Suppose 2*l - 228 = 2*s, 0 = -0*s + 2*s + 10. Suppose 4*z = 269 - l. What is the units digit of z?
0
Suppose 4*t + 0*t + y - 83 = 0, -2*t + 28 = -4*y. Suppose 5*r = p - t, -3*p + 4*r + 5 = -0. What is the units digit of (-1 - p) + 0 + 1?
5
Suppose -2*w + 3 = 5*t - 4, 4*w = -4*t + 32. Let g = w + -1. What is the units digit of g?
0
Suppose -v + 4*v + 45 = 0. What is the tens digit of ((-108)/v)/((-12)/(-40))?
2
Suppose -4 = -3*k + 11. Suppose -3*j + 30 = -2*y, 40 = k*j - j - 5*y. What is the units digit of j?
0
Suppose 13*u + 505 = 1818. What is the hundreds digit of u?
1
Let s = 108 - 187. Let g = -55 - s. What is the tens digit of g?
2
Let a(k) = -k - 4. Let r be a(4). Let h = r + 9. What is the units digit of h?
1
Let t = -9 - -21. Let y = t - 5. What is the units digit of y?
7
Let z(p) be the first derivative of -p**4/4 + 4*p**3/3 + 2*p**2 - 6*p - 2. Suppose 9 + 11 = 5*h. What is the tens digit of z(h)?
1
Let h(m) = m. Let o(r) = -4*r + 3. Let k(u) = 5*h(u) + o(u). Let n be k(-3). Suppose n - 8 = -2*j. What is the units digit of j?
4
Let d(v) = -v**2 + 10*v + 17. What is the units digit of d(9)?
6
Let v(z) = z + 5 - 6 - 6*z. Let y be v(-3). Let r = -8 + y. What is the units digit of r?
6
Let a(w) = -w**2 + 13*w - 13. Let j be a(12). What is the units digit of (-1*18)/3*j?
6
Suppose 0*m = 4*m - 16. Let z be (-32)/(-18) + m/18. Suppose -20 + 2 = -z*x. What is the units digit of x?
9
What is the tens digit of (-958)/(-26) - (-6)/39?
3
Let i(d) = 10*d**2 - 1. Suppose 2*x = 8 + 2. Suppose 4*g + 1 = x*g. What is the units digit of i(g)?
9
Let f(x) = -2*x + 2. Let c be f(-3). Suppose j = -0*j + c. What is the units digit of j?
8
Suppose 0 = -2*r - 2 - 0, 0 = 2*n + r + 31. What is the units digit of (-86)/(-10) - 6/n?
9
Suppose -3*o = -33 - 0. Suppose 0 = -g + 1, 0 = 3*n - 6*n + g + o. What is the units digit of 8/6 + n/(-12)?
1
Suppose -2*k + 21 = -53. Suppose 5*y = -2*u - 5, -2*u + 4*y + k = 3*u. What is the units digit of u?
5
Suppose -268 = -11*n + 601. What is the tens digit of n?
7
Suppose -7*k - 488 = -11*k. What is the tens digit of k?
2
Let z = 1 - -2. Let f be (z + -2 + -7)/1. Let p = -4 - f. What is the units digit of p?
2
Suppose -4*m = -2*q + 13 + 3, 3*q + 2*m = 16. What is the units digit of q*(3 + -2) - 4?
2
Let c(y) = -y. Let d(f) = 3*f**3 - 2*f**2 - 4*f. Let p(t) = -5*c(t) + d(t). Let v = 1 + 1. What is the tens digit of p(v)?
1
Suppose 324 - 989 = -5*i. What is the hundreds digit of i?
1
Let u(m) = 27*m**2 + 3*m - 1. What is the tens digit of u(-2)?
0
Let m(f) = -f**3 - 3*f**2 - 5*f - 3. What is the tens digit of m(-4)?
3
Let h(s) = s**3 + 4*s**2 - 1. Let r = -4 - -4. Suppose r = -o + 5*o - q + 14, 0 = 5*o + 5*q + 5. What is the units digit of h(o)?
8
Let b(j) = j**3. Let u be b(-1). Let o be 4/(-6) + (-80)/(-30). Let l = o + u. What is the units digit of l?
1
Suppose -3*m = 3*w - 42, -26 = -6*w + 5*w + 2*m. Suppose h + t - 6*t + 3 = 0, 0 = 3*h - 3*t - 39. Suppose -w - h = -5*u. What is the units digit of u?
7
Let p be (-2)/4 + 18/4. Let z = p + -10. What is the units digit of (6/(-9))/(4/z)?
1
Suppose -381 = -z + 317. What is the units digit of 2/9 + z/18?
9
Let w = 178 - 135. What is the tens digit of w?
4
Suppose -u + 3*u + 72 = 0. Let p = -24 - u. Suppose 0*v - 2*m = -v + p, 4*m - 48 = -4*v. What is the units digit of v?
2
What is the tens digit of -1 - -25 - (-6)/3?
2
Suppose 0*g - 70 = -2*b + 2*g, -5*g + 149 = 4*b. What is the tens digit of b?
3
Let q(z) = -2*z**2 + z - 3. Let y be q(-4). Let j = 96 + y. What is the tens digit of j?
5
Let w(c) = c**2 + 2. Let t = -4 + 4. What is the units digit of w(t)?
2
Let q(a) = -3*a - 3. Let m = -6 + 0. What is the units digit of q(m)?
5
Let c = 3 + -3. Let m be 15*(c - (-3)/5). What is the units digit of 3*(1 - (-12)/m)?
7
Let o be -4 - 4 - (2 + -1). Let w = 16 + o. What is the units digit of w?
7
Suppose 4*f = 3*f + 15. Suppose 4*s - f - 13 = 0. What is the units digit of s?
7
Let i = -11 - -16. Suppose v - 21 = -q, 3*v + v - i*q = 102. Let w = -16 + v. What is the units digit of w?
7
What is the tens digit of 5/(4/92*1)?
1
Suppose 0 = a - 2*n - 215, -n - 452 = -5*a + 668. What is the units digit of a?
